 3*o + 10. Let r(v) = 44*v**2 + 9*v - 8. Let q be r(1). Suppose p - q + 52 = 0. What is x(p)?
-18
Let y(s) be the third derivative of s**6/120 - s**4/6 + s**3/3 - 7*s**2. Let b be (3/(-4))/((-189)/36 - -5). What is y(b)?
17
Suppose 0 = -5*m + 9 - 39. Let u(o) be the third derivative of o**6/120 + o**5/10 + o**4/12 + 7*o**3/3 - 2614*o**2. Calculate u(m).
2
Let h(p) be the third derivative of p**5/30 + p**4/8 - 37*p**3/6 - 2*p**2 + 22*p - 34. Give h(5).
28
Suppose 18*t + 9 = m + 14*t, 0 = 3*m + 2*t - 13. Let l(a) = 4 - 4*a - a - 4*a + a + m*a. Give l(3).
-5
Let u(a) be the first derivative of -a**4/4 + 7*a**3/3 - 6*a**2 + 3*a + 1356. Calculate u(5).
-7
Let k = 3 - -6. Let q(s) = 13*s + 835. Let o be q(-64). Let c(f) = -20*f**3 + 10*f**2 + 19*f**o - 4 + 3*f + k*f. Give c(11).
7
Let x be (-3)/((-6)/4) + 266/(-1). Let g = -254 - x. Let y(b) = -4*b + 8. What is y(g)?
-32
Let l(x) = -x**2 - x + 16. Let u be l(3). Let t be (u + 0 + -2)/1. Let y(p) = 4*p - t*p - 3*p. Calculate y(3).
-3
Let u(y) = 5*y - 31. Let o be u(-20). Let k = o - -139. Let q(n) = -2*n + 22. Calculate q(k).
6
Let m(s) = -s**2 + s + 3. Let o(d) = 10*d - 9. Let y be o(2). Suppose -12*i = 59 - y. What is m(i)?
-17
Let z(f) = 3*f**2 - 2*f**2 - 163183*f + 81590*f + 81597*f. Suppose -2*i - 4*p = -8, 2*i - 39 = 6*i - 3*p. What is z(i)?
12
Let d(y) be the first derivative of y**3/3 - 11*y**2/2 - 8*y - 26. Suppose -q + 90 = -2*v + 85, 41 = 4*q - v. Give d(q).
-8
Let o(n) be the first derivative of -n**2/2 + 5*n - 1. Let d = -154 + 158. Suppose -4*y = -d*a - 3 - 9, 0 = -3*a + 2*y - 6. Give o(a).
5
Let i(c) be the second derivative of c**4/12 - c**3/2 + 8*c. Suppose 0 = 18*v - 10*v - 64. Suppose -4*q = k - v, -7*k = -3*k + 2*q - 18. Give i(k).
4
Let n(r) = r**2 - 4*r - 7. Suppose 4646 = -16*i + 150. Let c = i - -287. Determine n(c).
5
Let u(z) be the third derivative of 9*z**4/8 - z**3/6 + z**2 - 563. Give u(-2).
-55
Let n(t) = -17*t**3 - 4*t**2 - 9. Let d(r) be the third derivative of r**6/30 + r**5/60 + r**3/3 - 7*r**2. Let b(p) = -26*d(p) - 6*n(p). Calculate b(-2).
10
Let z(b) be the first derivative of -b**7/840 + 7*b**6/360 - b**4/12 + 78*b**3 - 74. Let t(i) be the third derivative of z(i). Determine t(7).
-2
Let p(q) = -8*q - 14. Let h be p(-2). Let t(m) = -1 + 4*m - 4*m - 5*m + h*m. Let k be t(1). Let n(v) = v**2 + 3*v - 2. Determine n(k).
2
Let u(s) = -s**3 + 18*s**2 - 18*s + 5. Suppose 9*p + 431 - 584 = 0. What is u(p)?
-12
Let b = -11 + 10. Let k(t) be the first derivative of 11*t**4/4 + t**3/3 + t**2 + t - 594. Calculate k(b).
-11
Let c(t) be the third derivative of 65*t**2 + 2/3*t**3 + 1/12*t**4 + 0*t + 0. Give c(-7).
-10
Suppose -731*s - 2*q + 76 = -735*s, -38 = 2*s - 2*q. Let f(z) = 2*z**3 + 38*z**2 + 2*z + 35. What is f(s)?
-3
Suppose 0 = -4*y + 3*y + 1. Let k(l) be the first derivative of l**4/24 + l**3/6 - l**2 + 23*l + 82. Let h(u) be the second derivative of k(u). Calculate h(y).
2
Suppose -8*w + 36 = 4. Suppose -6*j = -j - w*n - 45, 5*j - 5 = -4*n. Let z(k) = -2 + 4*k**2 + 0*k**2 - 5*k**2 + 7*k. Calculate z(j).
8
Let c(f) be the third derivative of -f**6/180 - f**5/60 + f**4/24 - 5*f**3/3 - 2*f**2 + 7*f. Let n(r) be the first derivative of c(r). Calculate n(1).
-3
Let d = 228 + -231. Let h(v) = 4*v**2 + v + 7. Let u(t) = 9*t**2 + 3*t + 16. Let z(o) = d*u(o) + 7*h(o). What is z(3)?
4
Let i(b) = 398*b**3 + 30*b**2 - 17*b - 15. Let t(s) = -637*s**3 - 46*s**2 + 25*s + 23. Let r(x) = 8*i(x) + 5*t(x). What is r(9)?
-23
Let q(y) = y + 15. Let g = -38 + 45. Suppose 0 = g*a - a - a. Calculate q(a).
15
Let m(t) = -t**3 + 13*t**2 + 6*t + 3. Suppose -31 - 21 = -13*r + 117. Determine m(r).
81
Let w(k) = k**3 - 7*k**2 + 5*k + 2. Let j(s) = 100*s - 1592. Let t be j(16). What is w(t)?
106
Let j(q) = 6*q. Suppose 0 = -5*u + 5, 16*i + 24 = 21*i - u. What is j(i)?
30
Let q(g) = -9*g**2 - 14*g + 32. Let d(p) = -16*p**2 - 27*p + 60. Let z(n) = -5*d(n) + 9*q(n). Determine z(8).
-4
Let w(v) be the third derivative of v**5/60 + 7*v**4/24 + v**3/6 + 2464*v**2. Let b(u) = 2*u + 5. Let d be b(-6). Give w(d).
1
Suppose -56*f + 29 = -h - 58*f, 5*h = 5*f - 145. Let m(g) = -5*g - 71. What is m(h)?
74
Let u(z) = 5*z**2 - 165*z - 177. Let b be u(34). Let k(d) = -7*d - 35. Calculate k(b).
14
Suppose -5*d = 2*l - 50, 0 = 2*d + 2*l - 20 - 0. Let z(a) = -2*a**2 + 21*a - 9. Let c be z(d). Let i(y) = -3*y + 1. Give i(c).
-2
Let w(x) = -14823*x**2 - 3 - x + 3*x + 14830*x**2. Determine w(1).
6
Let y(k) = 7822 - 2*k**3 - 7829 + k**3 + 2*k**2. What is y(3)?
-16
Let w(x) = -x + 5*x + 3*x + 4*x - 70. Let u be w(7). Let o(y) = -2*y + 16. Calculate o(u).
2
Let f(r) = r**3 - 3*r**2 - 10*r + 9. Suppose 82 = 11*d + 9*d - 18. Determine f(d).
9
Let b(g) = -3*g - 7 + 754358*g**3 - 754359*g**3 + 62*g**2 - 56*g**2. Suppose 2*u = 2*j, 3*u - 3 = 2*j + 2. Calculate b(u).
3
Let b(j) = 29*j - 9. Let a(d) = 462*d - 3230. Let h be a(7). Calculate b(h).
107
Let d(n) = -5594*n**2 + 2791*n**2 + 2794*n**2. Determine d(1).
-9
Let w(p) = -p**2 + 5*p - 3. Suppose 1 = -o + 3*d, -5*d + 6 = 11. Let b be o + (-33)/(-6) - (-1)/2. Determine w(b).
3
Let l(q) = q**3 + q**2 - 9*q + 6. Let d = -500 + 504. Calculate l(d).
50
Suppose -1814 = 113*z - 1927. Let d(f) = -2*f**2 - 4. Let k(g) = 3*g**2 + 5. Let y(i) = -6*d(i) - 5*k(i). What is y(z)?
-4
Let r(s) = 9 - 2*s**3 + s**2 + 6*s + s**3 - 4. Suppose -3*t + 28 = -2*u, -5*u - t - 1148 + 1146 = 0. Calculate r(u).
5
Let h(o) = 3*o**2 + 3*o + 9. Let c(w) = 9*w**2 + 10*w + 30. Let u(b) = b**2 + 1. Let i(y) = -c(y) - u(y). Let q(z) = 7*h(z) + 2*i(z). Determine q(-1).
1
Suppose 5*k = -0*k + 15. Suppose 14 = -10*u + 144. Suppose -u*a = -k*a + 60. Let h(c) = c**3 + 5*c**2 - 8*c. Give h(a).
12
Let b(m) = -73*m + 10 + 6*m**2 - m**2 - m**3 - 220*m + 287*m. Determine b(7).
-130
Suppose -8 = -21*t + 25*t - 4*n, -2*t + 5*n = 22. Let k(s) = s**3 - 3*s**2 + 5*s - 5. Determine k(t).
31
Let r be -2 + ((-338)/(-52) - 3/2). Let a(l) = -9*l + l**2 + 8*l - 11 - 56*l**r + 55*l**3. What is a(0)?
-11
Let l(k) = -2*k + 19*k**2 - 15*k**3 - 9*k**2 + 3*k**2 + 1 - 12*k**2. Calculate l(1).
-15
Suppose 0 = o + w - 2, 18*o + 4*w - 8 = 19*o. Suppose o = -12*d + 10*d + 2*u - 8, -4*u + 8 = -2*d. Let p(i) = -i**3 - 7*i**2 + 2*i + 3. Calculate p(d).
-53
Let g(d) = 5*d**2 - 3*d - 1. Let n = 254 + -251. Let o(i) = 7*i**2 - 4*i. Let m(t) = n*g(t) - 2*o(t). Calculate m(-3).
9
Let s(u) = -u**3 - u**2 - 4*u + 1. Suppose v = -b - b, 0 = 2*b. Suppose 5*l + 4 + 2 = -3*x, v = x - 3. Give s(l).
31
Let b(d) = 4*d + 58. Let i(a) = -5*a - 65. Let p(y) = 9*b(y) + 8*i(y). What is p(7)?
-26
Let z(o) be the first derivative of o**3/3 - 17*o**2/2 - 14*o + 2600. Give z(15).
-44
Suppose 0 = 2*i + i - 3*u + 33, u - 27 = 3*i. Let x(y) = -3*y**3 - 25*y**2 - 7*y + 8. Determine x(i).
0
Let w(f) = -32*f**3 + f**2 + f. Let l = 42 - 38. Suppose -a + 1 = l*t + 6, -t - 1 = 0. Determine w(a).
32
Let a(l) = -l**3 + l**2 + 0*l**2 + 7*l + 3*l**2 - 12. Suppose 456*c - 1397*c + 4213 + 492 = 0. Give a(c).
-2
Let o(q) be the first derivative of q**3 + 5*q**2/2 - 2*q + 1653. What is o(-2)?
0
Let a(v) be the first derivative of 7*v**2/2 - 81*v - 137. Let w be a(12). Let r(d) = -2*d. Give r(w).
-6
Let y(r) be the first derivative of -r**2/2 + 16*r - 11325. Determine y(-8).
24
Let k = 273 - 273. Let f(h) = -2*h - 1 - 5*h + 3*h + k. Calculate f(-1).
3
Let i(j) = j + 1. Let s(l) = -l**2 - 10*l - 12. Let p(t) = -4*i(t) - s(t). Let d be (-5)/(-4) - 1 - 27/(-4). Suppose d*b + b = -48. What is p(b)?
8
Let h(z) = -z**3 + 7*z**2 - 8*z + 21. Suppose 610 + 300 = 130*n. Give h(n).
-35
Let c(a) = 5*a + 3. Let g(s) = -205*s + 1840. Let t be g(9). Give c(t).
-22
Let f(w) = -4 - 2 - 4*w - 7*w**2 - 1 + 32*w**3 - 31*w**3 - 4. Determine f(7).
-39
Let t(l) = -13*l + 33 - 3*l**2 + 4*l**2 - 9. Suppose -1258*x + 1255*x = -30. Let q be t(x). Let p(w) = w**2 + 7*w + 3. Calculate p(q).
-3
Let g(m) = -28*m + 6. Suppose 4*l - 12 = 4*c, -l + 5*c - 60 = -71. Determine g(l).
-22
Let u(k) be the first derivative of k**2/2 + 6*k + 1. Let q = 183 + -180. Suppose 5*z = q*b - 26, -2*b - 13 = 8*z - 7*z. Give u(z).
-1
Let p(z) = -z**2 - 33*z - 135. Let d(u) = -u**2 + 109*u - 2793. Let o be d(41). Give p(o).
5
Let q(s) = -s**2 + 19*s - 21*s + 45 - 35*s. Give q(-38).
7
Let o be ((-1252)/(-5321))/(4/170). Let a(m) be